 - 3*o = 613. Let q = -556 + z. What is the remainder when 233 is divided by q?
41
Let n(g) = 9*g**2 - 4*g - 51. Let m be n(-10). Calculate the remainder when (46/(-6))/(m/(-147) + 6) is divided by 58.
45
Let r be ((-9)/(-3) - 7) + (40 - -5). Suppose -r*f + 72 = -35*f. What is the remainder when 153 is divided by f?
9
Suppose -58 = -5*g - 2*s - 0*s, -8 = -2*g + 3*s. Calculate the remainder when 339/(-226) + -1 + (-159)/(-2) is divided by g - 5/(15/6).
5
Suppose 81*f - 9724 - 20975 = 0. Calculate the remainder when f is divided by 4.
3
Let w(j) = j**2 - 1. Let i(f) = -4*f**3 - 12*f**2 + 10*f - 5. Let m(s) = i(s) - w(s). Calculate the remainder when m(-6) is divided by 67.
64
Let k = 1318 - 1155. What is the remainder when k is divided by 11?
9
Suppose -25*j - 6 + 6 = 0. Suppose -8*t + 505 = -3*t + 5*z, -3*t + 3*z + 309 = j. What is the remainder when t is divided by 21?
18
Suppose 0 = -441*l + 467*l - 2470. Calculate the remainder when 325 is divided by l.
40
Let x(q) = 60*q**2 - q. Let l be 5/2*(-18)/5. What is the remainder when x(1) is divided by 18/27 - 84/l?
9
Let r = 140 - 103. Suppose 0 = -y + 3 - 1, -r = -3*d + y. What is the remainder when 25 is divided by d?
12
Let j(l) = l - 5. Suppose 59 = -5*u - 2*b - 154, 5*b = -4*u - 184. Let n = u - -56. What is the remainder when j(n) is divided by 7?
3
Let n = -234 + 619. Calculate the remainder when n is divided by 65.
60
Let j(t) = t**3 - t**2 - t + 22. Calculate the remainder when (17/(17/(-12)))/(-18 - (-356)/20) is divided by j(0).
16
Suppose 160*o = 171*o - 1837. Suppose 0 = 5*p - t - 1515, 3*t + o + 122 = p. What is the remainder when p is divided by 9?
7
Let h(c) = c**3 + 72*c**2 + 147*c + 517. Calculate the remainder when h(-70) is divided by 11.
5
Suppose 3*z - 36579 = -2*m + 4*m, 3*z - 36549 = -3*m. What is the remainder when z is divided by 15?
9
Suppose 0 = 4*h + 4*p - 2276, 3*h + 1700 = 6*h + 4*p. What is the remainder when h is divided by 16?
0
Let g(t) = -t**2 - 12*t + 13. Let v = 59 + -71. Let x be g(v). Suppose x*w - 7*w = 96. Calculate the remainder when 59 is divided by w.
11
Let v(r) be the second derivative of 313*r**3/6 - 59*r**2 + 10*r + 3. Calculate the remainder when v(3) is divided by 103.
100
Let g be (-3 - -4)/((-1)/(-4)). Suppose -3*u + 3*r - 93 = -0*u, g*u - r = -115. What is the remainder when 51 is divided by 1/((-12)/8 + u/(-18))?
15
Let a(k) = -727*k**2 + 4*k + 3. Let y be a(-1). Let i = -713 - y. Calculate the remainder when 59 is divided by i.
14
Suppose -416*k = 187*k - 317*k - 8866. Let j(t) = -17*t**3 - 2*t**2 + 1. Suppose -2*x = 4, -u - 2*x + 9 = -7*x. What is the remainder when k is divided by j(u)?
15
Let w = -183 - -159. Calculate the remainder when 16/w*141/(-2) is divided by 26.
21
Suppose -3*n = -3*n - 8*n. Suppose -31 = -b + 3*v + 46, n = b + 3*v - 77. Calculate the remainder when b is divided by (3 + (-8)/3)*39.
12
Let m be 5 - (1626/(-18) + 3/9). Suppose 55*y - 50*y = m. Calculate the remainder when 225 is divided by y.
16
Let m = -2331 - -2399. Let r(n) = 10*n**2 + 22*n - 5. Calculate the remainder when r(12) is divided by m.
67
Let o be (0/(4 + (0 - 5)))/1. Suppose -k + w = -212, 5*k - 5*w + 7*w - 1067 = o. Calculate the remainder when k is divided by 36.
33
Suppose 7465 = 23*u + 9*u - 12151. What is the remainder when u is divided by 101?
7
Let u be 69 + 3*1/3. Suppose 5*g - u = 3*g. Suppose -30*h = -47*h + 28*h - 198. Calculate the remainder when g is divided by h.
17
Let w = 25412 + -23018. What is the remainder when w is divided by 40?
34
Let x(w) = -w**3 + 12*w**2 + 2*w - 10. Let q be x(14). Let o = 389 + q. Calculate the remainder when 21 is divided by o.
6
Let h = -117 - -176. Suppose 4*y - 2*g - 15 - h = 0, -15 = 3*g. What is the remainder when 68 is divided by y?
4
Let r(s) = -s**3 + 6*s**2 + 30*s - 11. Let z be 2*3*3/2. Calculate the remainder when r(z) is divided by 2.
0
Let m(g) = g**2 - g + 101. Let r(d) = -2*d**3 + 2*d**2 - 8*d + 8. Let c be r(4). Let w = 154 + c. What is the remainder when m(0) is divided by w?
33
Let y(a) = a**3 + 2*a**2 + 9*a - 2. Suppose 9*j + 61 = -11*j + 421. Calculate the remainder when y(6) is divided by j.
16
Let w = 127 - 127. Suppose 8*s - 19 - 5 = w. Suppose k - 19 = s*g, 5*g = 3 - 8. What is the remainder when 47 is divided by k?
15
Suppose 145 = 6*l + 259. Let h = 10 + 51. Let j = h + l. Calculate the remainder when j is divided by 9.
6
Suppose 3*h = -12*h + 20028 - 5223. What is the remainder when h is divided by 245?
7
Let f = -61 - -61. Suppose f = 3*s - 25 - 26. Calculate the remainder when s is divided by -1 + 5 + -8 - -17.
4
Suppose -85897 = -5*p - 4*u, -2*p + 7*p + 5*u - 85895 = 0. What is the remainder when p/27 + -9 - 4/(-6) is divided by 17?
16
Let y be 52 - (-2*1 + 0). Suppose y = 4*x - 26. Suppose -724 - 1526 = -35*a - 185. Calculate the remainder when a is divided by x.
19
Suppose 217 = b - 208 - 106. What is the remainder when b is divided by 167?
30
Suppose 19*f - 4*v = 16*f - 84, 0 = -3*f - 3*v - 84. Calculate the remainder when 187 is divided by -94*(f/8 + 3).
46
Suppose -5*i + 113 + 57 = 0. What is the remainder when 58 + -50 + (192 - -2) is divided by i?
32
Suppose 0 = 2*t - 5 - 1. Let n(f) = f**3 - 4*f**2 + 5*f + 7. Let k be n(t). Suppose 18*u = k*u + 75. What is the remainder when 43 is divided by u?
13
Let n(k) = -320*k - 129. What is the remainder when n(-9) is divided by 27?
24
Let y(k) = 42*k + k**3 + 45 - 5*k - 40*k**2 + 11 + 3*k**2. Calculate the remainder when y(36) is divided by 48.
44
Suppose -l = -3*l + 528. Suppose 265*s + 183*s - 52735 = -547*s. What is the remainder when l is divided by s?
52
Let n = 529 + -529. Suppose n = 48*a - 49*a + 27. What is the remainder when 428 is divided by a?
23
Suppose 22*r = -25*r + 16544. Let q = -91 + r. What is the remainder when q is divided by 22?
19
Suppose 2253 = 5*o + 2*h, 3*h - 1057 = -5*o + 1195. What is the remainder when o is divided by 118?
97
Calculate the remainder when 1053 is divided by -1*(6/9)/(9 + 5873/(-651)).
30
Calculate the remainder when (-5 + (37 - -3))*(-810)/(-63) is divided by 93.
78
Let z(x) = -x**2 - 414*x - 38302. Suppose v + 4*c = 355, 2*v + 3*v - 3*c = 1706. Calculate the remainder when v is divided by z(-140).
53
Suppose 32*f - 48 = 144. What is the remainder when 0/(1 + 1) + 127 is divided by 4/(-6) + 160/f?
23
Let k(q) = 60*q**2 + 61*q + 272. Calculate the remainder when k(-4) is divided by 166.
158
Suppose -2*v + 4*h + 632 = 0, 0 = -0*v + 3*v - 5*h - 949. Suppose 183*z - 187*z - 20 = d, 0 = -4*d - 5*z + 30. What is the remainder when v is divided by d?
18
Let p = 2755 - 1870. Suppose -4*n - 50 = 4*q - 166, 0 = 3*q - 15. What is the remainder when p is divided by n?
21
Let z = -28 - -114. Suppose 5*r - z = 34. Let t = -207568 + 207610. What is the remainder when t is divided by r?
18
Suppose -46*u + 8987 = -1006 - 2933. Calculate the remainder when u is divided by 77.
50
Let v = 9 - 6. Let h(z) = 3*z**3 - 10*z**2 + 14*z - 76. What is the remainder when h(4) is divided by v?
0
Suppose -68*c - 15597 = -18385. What is the remainder when 635 is divided by c?
20
Let s(o) = -o**2 - 2*o. Let z be s(-1). What is the remainder when 187/(z*(6 + -5)) is divided by 27?
25
Let v = 151 - 79. What is the remainder when (-1)/(-6 + 429/v) is divided by 9?
6
Let i(x) = -5*x**2 - 131*x + 7. Let z be i(-23). Let n = z + -369. What is the remainder when 81 is divided by n?
3
Suppose -10*y = 134 + 246. Let f be (-14)/(-21)*(y - 1). Let o = f + 57. Calculate the remainder when o is divided by 7.
3
Suppose 0 = 9*g - 106 - 65. Suppose 24*j = g*j + 120. What is the remainder when 87 is divided by j?
15
Let w = -160 - -180. Suppose 9*y + 352 = w*y. Let m(d) = 43*d - 4. Calculate the remainder when m(3) is divided by y.
29
Let r = 17 - 7. What is the remainder when (6/2*29/(-87))/(3/(-96)) is divided by r?
2
Suppose 109*z - 119*z = -150. Calculate the remainder when 504 is divided by z.
9
Suppose 3*m - 2*v - 11 = 0, -2*v + 23 = 5*m - 3*v. Suppose a - m*a + 720 = 0. Calculate the remainder when a is divided by 26.
24
Suppose -2*l = 2*q - 2, 0 = -3*l - 4*q + 2*q + 1. What is the remainder when 122 is divided by -5 + l - (-19 + -4)?
3
What is the remainder when 1659*((-222)/(-42) + -5) is divided by 40?
34
Let x = 1777 + -